 Suppose -p + 4*q = -119, -661 = -5*p - q - h. What are the prime factors of p?
127
Suppose 4*g + 3*t = 41, 3*g - 27 = -0*t - t. Let b = g - -38. What are the prime factors of b?
2, 23
Let g = -5171 + 8838. What are the prime factors of g?
19, 193
Let f(l) = l**3 - 5*l**2 + l + 5. Let d(u) = -2*u + 1. Let h be d(-3). Suppose 25 = -h*j + 12*j. List the prime factors of f(j).
2, 5
Suppose -3*p + 3*r = -8253, 4*p - 5*r = -2*r + 11009. List the prime factors of p.
2, 13, 53
Suppose -z + 10 = -38. Let w = z + 9. What are the prime factors of w?
3, 19
List the prime factors of 4*15/10 - -363.
3, 41
Let l(p) = p**2 - 4*p - 7. Let d be l(5). Let k(q) = -10*q**3 - q**2 + q - 3. Let g be k(d). Let i = g + -46. What are the prime factors of i?
5
What are the prime factors of (483/2)/((-223)/(-1338))?
3, 7, 23
Suppose 0 = -o + 5*p + 18, 0*o + 2*o - 2*p = 60. Let n(k) = -k**3 + 5*k**2 - 3*k - 3. Let b be n(5). Let r = o + b. What are the prime factors of r?
3, 5
Let f(x) = 9*x - 2. Let n be f(1). Let y = n + 34. List the prime factors of y.
41
Suppose 0 = -7*u - 7*u - 4438. Let l = u - -485. What are the prime factors of l?
2, 3, 7
Suppose -43*l - 2419 = -48988. What are the prime factors of l?
3, 19
Let a = 313 - 25. Suppose a = 5*s - 3*s. List the prime factors of s.
2, 3
List the prime factors of (306/85)/(6/1965).
3, 131
Let o = -2805 - -6301. List the prime factors of o.
2, 19, 23
Let i(q) = -7*q + 2*q + 2*q - 7 + q**2. What are the prime factors of i(5)?
3
Suppose 10 = -2*y + 3*y - 2*g, -5*y + 4*g = -26. Let t be 3/y*(-32)/6. List the prime factors of 12 + t + (-1 - -5).
2
Suppose 1464 = 30*u - 6*u. What are the prime factors of u?
61
Let l(b) = -11 - 21 - 15 + 7*b - 14. List the prime factors of l(32).
163
Let w = -1118 + 2059. List the prime factors of w.
941
Suppose 3*s = -s + 60. Let t be (-10)/s - (-8)/3. Suppose -72 = -r - t*r. What are the prime factors of r?
2, 3
Suppose 0 = -30*f + 41*f - 759. What are the prime factors of f?
3, 23
Suppose -28*l + 30*l - 6 = 0. Suppose l*s + 0 - 5 = t, 3*t = 4*s. Let x(a) = 5*a**2 + 2*a. List the prime factors of x(s).
3, 17
Suppose 2*n + 4 = 2. Let t be n - -8 - (-5 + 8). Suppose u + 295 = 5*j, t*u = -10 + 30. List the prime factors of j.
2, 3, 5
Suppose 5*r = -2*u + 962, -11*r + 14*r = -5*u + 581. List the prime factors of r.
2, 3
Suppose 18*f - 3*v = 21*f - 540, 3*f - 4*v - 526 = 0. List the prime factors of f.
2, 89
Let d = 11738 - 8199. What are the prime factors of d?
3539
Let c(p) = 2*p**2 + p. Let k be c(-4). Let l = k + -26. What are the prime factors of 34/51*99/l?
3, 11
Let v(p) = 24*p**2 - 33*p - 46. What are the prime factors of v(13)?
3581
Let d = 132 - 127. Suppose -i + 45 = -3*s, -279 = -5*i + 5*s - 54. Suppose 0 = -d*a + 8*a - i. What are the prime factors of a?
3, 5
Let w(z) = 4*z - 9. Suppose -5*t + 9 = 29. Let u be (-1)/(t/(-40)*-2). List the prime factors of w(u).
11
Suppose 3 = 4*y - 21. Suppose -6*v = -y - 0. List the prime factors of (v - 2 - -2) + 2.
3
Let h(p) = 4*p**2 + p. Let m = -2 - -5. What are the prime factors of h(m)?
3, 13
What are the prime factors of 300/175*(-7)/(-2) + 565?
571
Suppose -7 = 4*s - 3*b + 5, -4*s - 5*b - 12 = 0. List the prime factors of 0 - (216/s + -2).
2, 37
Suppose -6*z + 3*z + 519 = 0. What are the prime factors of (6 - 32/6)*(z - -1)?
2, 29
Let m(t) = -t**2 - 13*t + 3. What are the prime factors of m(-8)?
43
Let h be 13/((-156)/(-64)) - (-2)/(-6). Suppose 0 = -0*m - h*m - 25, 4*k - 198 = -2*m. List the prime factors of k.
2, 13
What are the prime factors of 19 + -21 - 3210/(-5)?
2, 5
Let f(m) = -17*m + 137. What are the prime factors of f(-16)?
409
Suppose 4*x = 47 + 9. Let s = -8 - -12. List the prime factors of 4/s + x + 1.
2
Suppose t = -4*t + 25. Suppose 5*m + 2*w - 85 = 4*w, -85 = -4*m + t*w. Suppose -4*v - 3*i + m = -24, -2*v = -2*i - 2. List the prime factors of v.
2, 3
Let l(r) = -r**3 - r**2 - 4*r + 6. Let q be l(-7). Suppose 3*m - 2*b = q, 2*b + 553 = 5*m + 5*b. List the prime factors of m.
2, 5, 11
Let u(h) = 8*h + 61. Let k(p) = 7*p + 59. Let y(z) = 6*k(z) - 7*u(z). List the prime factors of y(-22).
5, 47
Let p(r) = 35*r + 4. Let c(g) = -g**3 + 10*g**2 + 4. Let m be c(10). Let k be p(m). Suppose -k = -z - 2*z. List the prime factors of z.
2, 3
Suppose 0 = -a, 5*r = -5*a + 11 + 19. Let l be -3 + r/(-8)*-4. Suppose -4*x + 12 + 94 = k, l = -x - 3*k + 32. What are the prime factors of x?
2, 13
Let b(s) be the first derivative of 9 + 2/3*s**3 - 5*s**2 + 6*s. What are the prime factors of b(6)?
2, 3
Let g(r) = 4*r**2 + 50*r + 22. What are the prime factors of g(-14)?
2, 53
Let x = -1162 + 3802. What are the prime factors of x?
2, 3, 5, 11
Let m = 525 - 509. Suppose -4*u - 8 = -2*b + 4*b, 9 = -3*u. Suppose 4*s - m = 0, -b*g = -g - 4*s + 2. What are the prime factors of g?
2, 7
Suppose 5*x = -1122 - 2023. Let a = -438 - x. What are the prime factors of a?
191
Let i be (20/(-25))/((-3)/420). Suppose i = -z + 4*a, -263 = 4*z - 5*a + 196. Let d = -64 - z. List the prime factors of d.
2, 13
Let l = -36 + 33. List the prime factors of (-54)/(-1) - 9/l.
3, 19
Let q(z) = -z**2 + 17*z + 0 - 38*z - 3 + 0*z**2. List the prime factors of q(-11).
107
Let a = 156 - 164. What are the prime factors of 142 - (-4)/a*-10?
3, 7
Let q be 6/(-33) + 35/11. Suppose 0 = 2*k - q*k + 26. What are the prime factors of k?
2, 13
Let h(q) = -61*q + 51. List the prime factors of h(-12).
3, 29
Suppose -5*m + 5*v + 1620 + 1920 = 0, 4*m + v - 2827 = 0. List the prime factors of m.
7, 101
Let u = -22 - -10. Let p = u - -15. Suppose -s + 27 = -5*f, -2*f - 5 = p*f. What are the prime factors of s?
2, 11
Suppose 5*c = 3*b + 5, -3*b + 5 = 5*c - 0*b. Let l = c - 1. Suppose 38 = -l*r + 2*r. List the prime factors of r.
19
Let i = 2 - -1. Suppose 15 = i*s - 0*s, 4*o - 5*s - 247 = 0. What are the prime factors of o?
2, 17
Suppose 5*o + 3 = 4*o. Let a(r) = -r**3 + 4*r**2 + 4. List the prime factors of a(o).
67
Let f = -44 - -43. List the prime factors of 0 + f/(4/(-312)).
2, 3, 13
Let b be 4/(-3)*4/((-8)/381). List the prime factors of b/6 + (-8)/24.
2, 3, 7
Suppose q - 4*m = 1463, -9*q = -7*q + 2*m - 2886. List the prime factors of q.
1447
What are the prime factors of (82602/390)/((-6)/(-80))?
2, 353
Let s be -4*(15/12 - -1). Let d(v) = -4*v - 1 - 4 + 5*v - 2*v. What are the prime factors of d(s)?
2
Suppose -255 + 1105 = 5*f. What are the prime factors of f?
2, 5, 17
Let p(r) = r**2 + 6*r + 8. Let g be (1 - 2) + 7 + -3. Let j be -9 + 8/(1 + g). What are the prime factors of p(j)?
3, 5
List the prime factors of 874*(1 + 45/18).
7, 19, 23
Suppose 0 = x - 10*x + 81. Let z(l) = -16*l**2 + 50*l + 71. Let r(j) = 3*j**2 - 10*j - 14. Let s(g) = -11*r(g) - 2*z(g). What are the prime factors of s(x)?
3, 7
Let c(q) = q**2 + 2*q - 1. Suppose -15 = -3*v + 3*f, 6*f - 5 = f. What are the prime factors of c(v)?
47
Let o = 35 - 5. Let g = o - -6. Suppose -y - d + 64 = d, -y = -5*d - g. List the prime factors of y.
2, 7
Suppose 13*i - 2631 = 697. Suppose -i = -2*l + 4*h, -3*l + 2*h = 2*l - 624. What are the prime factors of l?
2, 31
What are the prime factors of ((-167350)/(-75))/(((-24)/(-9))/4)?
3347
Let l(n) = n - 1. Let k be l(1). Suppose -4*r + 3*r + 4 = k. Suppose 5*o - 5*h - 11 = 9, -3*h - r = -o. List the prime factors of o.
2
Let s(c) = 3*c**2 + 15*c + 31. Let a be s(-9). Let b = 347 - a. What are the prime factors of b?
2, 13
Suppose 3*u - 5*u - 4*f = 30, -u - f = 14. Let p = 22 + -30. Let q = p - u. List the prime factors of q.
5
Let i = 2340 + -1411. List the prime factors of i.
929
Let j = 178 + 209. List the prime factors of j.
3, 43
Let u be 6/4*((-2832)/9)/(-8). Let k = -12 + u. What are the prime factors of k?
47
Suppose 4 = 4*j - 8. Suppose -f = -4*h - 7 - 20, h - 16 = -j*f. List the prime factors of f.
7
Suppose 3*o + 90 = 4*o + c, 4*c - 452 = -5*o. Let q = -54 + o. What are the prime factors of q?
2, 19
What are the prime factors of (-6)/2 + -1 - -202?
2, 3, 11
Suppose -2*l + 31 = -3. Let q = l - 26. Let s(r) = -r**3 - 10*r**2 - 11*r + 21. List the prime factors of s(q).
3, 13
Suppose -3*s - 336 = s. What are the prime factors of (6/(-4))/((-6)/(-8)) - s?
2, 41
Let l = -989 - -1979. What are the prime factors of l?
2, 3, 5, 11
Let z(l) = 3*l**3 - 2*l**2 + 4*l - 2. Suppose 0*f + 7 =